[INFO] fetching crate restack 0.6.1...
[INFO] checking restack-0.6.1 against master#e6e4f7ed1589e03bc2f6c5931c1a72e7947e8682 for beta-170-4
[INFO] extracting crate restack 0.6.1 into /workspace/builds/worker-5-tc2/source
[INFO] validating manifest of crates.io crate restack 0.6.1 on toolchain e6e4f7ed1589e03bc2f6c5931c1a72e7947e8682
[INFO] running `Command { std: CARGO_HOME="/workspace/cargo-home" RUSTUP_HOME="/workspace/rustup-home" "/workspace/cargo-home/bin/cargo" "+e6e4f7ed1589e03bc2f6c5931c1a72e7947e8682" "metadata" "--manifest-path" "Cargo.toml" "--no-deps", kill_on_drop: false }`
[INFO] removed /workspace/builds/worker-5-tc2/source/rust-toolchain
[INFO] started tweaking crates.io crate restack 0.6.1
[INFO] finished tweaking crates.io crate restack 0.6.1
[INFO] tweaked toml for crates.io crate restack 0.6.1 written to /workspace/builds/worker-5-tc2/source/Cargo.toml
[INFO] crate crates.io crate restack 0.6.1 already has a lockfile, it will not be regenerated
[INFO] running `Command { std: CARGO_HOME="/workspace/cargo-home" RUSTUP_HOME="/workspace/rustup-home" "/workspace/cargo-home/bin/cargo" "+e6e4f7ed1589e03bc2f6c5931c1a72e7947e8682" "fetch" "--manifest-path" "Cargo.toml", kill_on_drop: false }`
[INFO] running `Command { std: "docker" "create" "-v" "/var/lib/crater-agent-workspace/builds/worker-5-tc2/target:/opt/rustwide/target:rw,Z" "-v" "/var/lib/crater-agent-workspace/builds/worker-5-tc2/source:/opt/rustwide/workdir:ro,Z" "-v" "/var/lib/crater-agent-workspace/cargo-home:/opt/rustwide/cargo-home:ro,Z" "-v" "/var/lib/crater-agent-workspace/rustup-home:/opt/rustwide/rustup-home:ro,Z" "-e" "SOURCE_DIR=/opt/rustwide/workdir" "-e" "CARGO_TARGET_DIR=/opt/rustwide/target" "-e" "CARGO_HOME=/opt/rustwide/cargo-home" "-e" "RUSTUP_HOME=/opt/rustwide/rustup-home" "-w" "/opt/rustwide/workdir" "-m" "1610612736" "--user" "0:0" "--network" "none" "ghcr.io/rust-lang/crates-build-env/linux@sha256:19e73879b68f455e41552ea35293514db52ea292d993f571636dbffedb77a1ee" "/opt/rustwide/cargo-home/bin/cargo" "+e6e4f7ed1589e03bc2f6c5931c1a72e7947e8682" "metadata" "--no-deps" "--format-version=1", kill_on_drop: false }`
[INFO] [stdout] 8a5182cc41fc8ee5a2430243169781acdd391a6d14c6957e94ed2da5c575401b
[INFO] running `Command { std: "docker" "start" "-a" "8a5182cc41fc8ee5a2430243169781acdd391a6d14c6957e94ed2da5c575401b", kill_on_drop: false }`
[INFO] running `Command { std: "docker" "inspect" "8a5182cc41fc8ee5a2430243169781acdd391a6d14c6957e94ed2da5c575401b", kill_on_drop: false }`
[INFO] running `Command { std: "docker" "rm" "-f" "8a5182cc41fc8ee5a2430243169781acdd391a6d14c6957e94ed2da5c575401b", kill_on_drop: false }`
[INFO] [stdout] 8a5182cc41fc8ee5a2430243169781acdd391a6d14c6957e94ed2da5c575401b
[INFO] running `Command { std: "docker" "create" "-v" "/var/lib/crater-agent-workspace/builds/worker-5-tc2/target:/opt/rustwide/target:rw,Z" "-v" "/var/lib/crater-agent-workspace/builds/worker-5-tc2/source:/opt/rustwide/workdir:ro,Z" "-v" "/var/lib/crater-agent-workspace/cargo-home:/opt/rustwide/cargo-home:ro,Z" "-v" "/var/lib/crater-agent-workspace/rustup-home:/opt/rustwide/rustup-home:ro,Z" "-e" "SOURCE_DIR=/opt/rustwide/workdir" "-e" "CARGO_TARGET_DIR=/opt/rustwide/target" "-e" "CARGO_INCREMENTAL=0" "-e" "RUST_BACKTRACE=full" "-e" "RUSTFLAGS=--cap-lints=forbid" "-e" "RUSTDOCFLAGS=--cap-lints=forbid" "-e" "CARGO_HOME=/opt/rustwide/cargo-home" "-e" "RUSTUP_HOME=/opt/rustwide/rustup-home" "-w" "/opt/rustwide/workdir" "-m" "1610612736" "--user" "0:0" "--network" "none" "ghcr.io/rust-lang/crates-build-env/linux@sha256:19e73879b68f455e41552ea35293514db52ea292d993f571636dbffedb77a1ee" "/opt/rustwide/cargo-home/bin/cargo" "+e6e4f7ed1589e03bc2f6c5931c1a72e7947e8682" "check" "--frozen" "--all" "--all-targets" "--message-format=json", kill_on_drop: false }`
[INFO] [stdout] 0114014c6ca3d9da37dccaf83e3b7c3643a02084b7e875f11c6f98ad7b4b1336
[INFO] running `Command { std: "docker" "start" "-a" "0114014c6ca3d9da37dccaf83e3b7c3643a02084b7e875f11c6f98ad7b4b1336", kill_on_drop: false }`
[INFO] [stderr]    Compiling unicode-ident v1.0.4
[INFO] [stderr]    Compiling syn v1.0.99
[INFO] [stderr]    Compiling futures-core v0.3.24
[INFO] [stderr]    Compiling libc v0.2.125
[INFO] [stderr]    Compiling semver v1.0.14
[INFO] [stderr]    Compiling futures-channel v0.3.24
[INFO] [stderr]    Compiling futures-task v0.3.24
[INFO] [stderr]    Compiling futures-util v0.3.24
[INFO] [stderr]    Compiling proc-macro2 v1.0.43
[INFO] [stderr]     Checking futures-sink v0.3.24
[INFO] [stderr]     Checking futures-io v0.3.24
[INFO] [stderr]    Compiling anyhow v1.0.66
[INFO] [stderr]     Checking once_cell v1.14.0
[INFO] [stderr]     Checking yansi v0.5.1
[INFO] [stderr]     Checking lexopt v0.2.1
[INFO] [stderr]     Checking futures-timer v3.0.2
[INFO] [stderr]    Compiling quote v1.0.21
[INFO] [stderr]     Checking diff v0.1.13
[INFO] [stderr]    Compiling indoc v1.0.7
[INFO] [stderr]    Compiling rustc_version v0.4.0
[INFO] [stderr]     Checking pretty_assertions v1.3.0
[INFO] [stderr]    Compiling rstest_macros v0.14.0
[INFO] [stderr]     Checking tempfile v3.3.0
[INFO] [stderr]     Checking shared_child v0.3.5
[INFO] [stderr]     Checking os_pipe v0.9.2
[INFO] [stderr]     Checking duct v0.13.5
[INFO] [stderr]     Checking restack v0.6.1 (/opt/rustwide/workdir)
[INFO] [stderr]    Compiling futures-macro v0.3.24
[INFO] [stderr]     Checking futures-executor v0.3.24
[INFO] [stderr]     Checking futures v0.3.24
[INFO] [stderr]     Checking rstest v0.15.0
[INFO] [stdout] error[E0432]: unresolved import `restack_testtools`
[INFO] [stdout]  --> tests/edit/mod.rs:7:5
[INFO] [stdout]   |
[INFO] [stdout] 7 | use restack_testtools::gitscript;
[INFO] [stdout]   |     ^^^^^^^^^^^^^^^^^ use of undeclared crate or module `restack_testtools`
[INFO] [stdout] 
[INFO] [stdout] 
[INFO] [stdout] error[E0432]: unresolved import `restack_testtools`
[INFO] [stdout]  --> src/gitscript.rs:5:5
[INFO] [stdout]   |
[INFO] [stdout] 5 | use restack_testtools::gitscript;
[INFO] [stdout]   |     ^^^^^^^^^^^^^^^^^ use of undeclared crate or module `restack_testtools`
[INFO] [stdout] 
[INFO] [stdout] 
[INFO] [stdout] error[E0599]: no method named `open` found for struct `DEFAULT_GITSCRIPT_GROUP` in the current scope
[INFO] [stdout]   --> tests/edit/mod.rs:24:10
[INFO] [stdout]    |
[INFO] [stdout] 12 | / lazy_static! {
[INFO] [stdout] 13 | |     static ref FIXTURES_DIR: path::PathBuf =
[INFO] [stdout] 14 | |         path::PathBuf::from(env!("CARGO_MANIFEST_DIR")).join("fixtures");
[INFO] [stdout] 15 | |     static ref DEFAULT_GITSCRIPT_GROUP: gitscript::Group =
[INFO] [stdout] 16 | |         gitscript::Group::new(FIXTURES_DIR.as_path());
[INFO] [stdout] 17 | | }
[INFO] [stdout]    | |_- method `open` not found for this struct
[INFO] [stdout] ...
[INFO] [stdout] 23 | /     DEFAULT_GITSCRIPT_GROUP
[INFO] [stdout] 24 | |         .open(script_path)
[INFO] [stdout]    | |         -^^^^ method not found in `DEFAULT_GITSCRIPT_GROUP`
[INFO] [stdout]    | |_________|
[INFO] [stdout]    | 
[INFO] [stdout] 
[INFO] [stdout] 
[INFO] [stdout] error: aborting due to 2 previous errors
[INFO] [stdout] 
[INFO] [stdout] 
[INFO] [stdout] Some errors have detailed explanations: E0432, E0599.
[INFO] [stdout] 
[INFO] [stdout] For more information about an error, try `rustc --explain E0432`.
[INFO] [stdout] 
[INFO] [stderr] error: could not compile `restack` (test "integration") due to 3 previous errors
[INFO] [stderr] warning: build failed, waiting for other jobs to finish...
[INFO] [stdout] error[E0599]: no method named `open` found for struct `DEFAULT_GROUP` in the current scope
[INFO] [stdout]   --> src/gitscript.rs:25:19
[INFO] [stdout]    |
[INFO] [stdout] 15 | / lazy_static! {
[INFO] [stdout] 16 | |     static ref DEFAULT_GROUP: gitscript::Group =
[INFO] [stdout] 17 | |         gitscript::Group::new(path::PathBuf::from(CARGO_MANIFEST_DIR).join("fixtures"));
[INFO] [stdout] 18 | | }
[INFO] [stdout]    | |_- method `open` not found for this struct
[INFO] [stdout] ...
[INFO] [stdout] 25 |       DEFAULT_GROUP.open(script_path).map_err(anyhow::Error::from)
[INFO] [stdout]    |                     ^^^^ method not found in `DEFAULT_GROUP`
[INFO] [stdout] 
[INFO] [stdout] 
[INFO] [stdout] error: aborting due to 2 previous errors
[INFO] [stdout] 
[INFO] [stdout] 
[INFO] [stdout] Some errors have detailed explanations: E0432, E0599.
[INFO] [stdout] 
[INFO] [stdout] For more information about an error, try `rustc --explain E0432`.
[INFO] [stdout] 
[INFO] [stderr] error: could not compile `restack` (bin "restack" test) due to 3 previous errors
[INFO] running `Command { std: "docker" "inspect" "0114014c6ca3d9da37dccaf83e3b7c3643a02084b7e875f11c6f98ad7b4b1336", kill_on_drop: false }`
[INFO] running `Command { std: "docker" "rm" "-f" "0114014c6ca3d9da37dccaf83e3b7c3643a02084b7e875f11c6f98ad7b4b1336", kill_on_drop: false }`
[INFO] [stdout] 0114014c6ca3d9da37dccaf83e3b7c3643a02084b7e875f11c6f98ad7b4b1336
